divided by 41?
10
Calculate the remainder when 852 is divided by 9.
6
Calculate the remainder when 15310 is divided by 264.
262
Calculate the remainder when 1283 is divided by 97.
22
What is the remainder when 19 is divided by 4?
3
Calculate the remainder when 37445 is divided by 19.
15
Calculate the remainder when 251 is divided by 18.
17
Calculate the remainder when 2293 is divided by 45.
43
Calculate the remainder when 81 is divided by 21.
18
Calculate the remainder when 480 is divided by 159.
3
Calculate the remainder when 292 is divided by 121.
50
What is the remainder when 429 is divided by 79?
34
Calculate the remainder when 864 is divided by 32.
0
Calculate the remainder when 140 is divided by 11.
8
What is the remainder when 489 is divided by 9?
3
Calculate the remainder when 103 is divided by 13.
12
What is the remainder when 202 is divided by 12?
10
Calculate the remainder when 256 is divided by 22.
14
What is the remainder when 326 is divided by 41?
39
Calculate the remainder when 15810 is divided by 59.
57
Calculate the remainder when 232 is divided by 18.
16
Calculate the remainder when 205 is divided by 23.
21
What is the remainder when 939 is divided by 84?
15
What is the remainder when 513 is divided by 60?
33
What is the remainder when 49 is divided by 13?
10
Calculate the remainder when 158 is divided by 5.
3
What is the remainder when 41295 is divided by 178?
177
What is the remainder when 133 is divided by 4?
1
What is the remainder when 72 is divided by 68?
4
What is the remainder when 19 is divided by 18?
1
Calculate the remainder when 7118 is divided by 66.
56
What is the remainder when 252 is divided by 10?
2
What is the remainder when 418 is divided by 47?
42
Calculate the remainder when 11071 is divided by 32.
31
What is the remainder when 14247 is divided by 50?
47
What is the remainder when 129 is divided by 21?
3
Calculate the remainder when 1476 is divided by 28.
20
Calculate the remainder when 1376 is divided by 316.
112
Calculate the remainder when 724 is divided by 25.
24
What is the remainder when 100 is divided by 21?
16
Calculate the remainder when 1159 is divided by 309.
232
What is the remainder when 122 is divided by 41?
40
Calculate the remainder when 391 is divided by 137.
117
Calculate the remainder when 4890 is divided by 175.
165
What is the remainder when 237 is divided by 3?
0
What is the remainder when 87 is divided by 64?
23
What is the remainder when 68 is divided by 15?
8
Calculate the remainder when 706 is divided by 265.
176
What is the remainder when 43467 is divided by 315?
312
What is the remainder when 1409 is divided by 83?
81
Calculate the remainder when 141 is divided by 3.
0
Calculate the remainder when 229 is divided by 12.
1
What is the remainder when 213 is divided by 54?
51
What is the remainder when 898 is divided by 181?
174
Calculate the remainder when 850 is divided by 6.
4
What is the remainder when 52 is divided by 19?
14
Calculate the remainder when 1526 is divided by 17.
13
What is the remainder when 80 is divided by 42?
38
Calculate the remainder when 671 is divided by 8.
7
What is the remainder when 11066 is divided by 31?
30
What is the remainder when 388 is divided by 230?
158
What is the remainder when 297 is divided by 23?
21
What is the remainder when 449 is divided by 17?
7
Calculate the remainder when 46 is divided by 45.
1
Calculate the remainder when 177 is divided by 47.
36
What is the remainder when 123 is divided by 13?
6
What is the remainder when 141 is divided by 82?
59
Calculate the remainder when 1643 is divided by 27.
23
Calculate the remainder when 345 is divided by 29.
26
What is the remainder when 199 is divided by 185?
14
Calculate the remainder when 1594 is divided by 59.
1
Calculate the remainder when 5145 is divided by 33.
30
What is the remainder when 1733 is divided by 577?
2
What is the remainder when 184 is divided by 33?
19
Calculate the remainder when 6720 is divided by 19.
13
What is the remainder when 59751 is divided by 97?
96
Calculate the remainder when 468 is divided by 24.
12
What is the remainder when 163 is divided by 53?
4
What is the remainder when 94 is divided by 41?
12
What is the remainder when 4783 is divided by 55?
53
Calculate the remainder when 196 is divided by 92.
12
Calculate the remainder when 3739 is divided by 19.
15
What is the remainder when 99 is divided by 34?
31
What is the remainder when 209 is divided by 72?
65
Calculate the remainder when 1727 is divided by 102.
95
Calculate the remainder when 345 is divided by 6.
3
What is the remainder when 5 is divided by 2?
1
What is the remainder when 3763 is divided by 1251?
10
Calculate the remainder when 1635 is divided by 205.
200
What is the remainder when 1194 is divided by 63?
60
What is the remainder when 2854 is divided by 27?
19
Calculate the remainder when 1187 is divided by 41.
39
What is the remainder when 46 is divided by 14?
4
What is the remainder when 96 is divided by 13?
5
Calculate the remainder when 494 is divided by 74.
50
Calculate the remainder when 478 is divided by 160.
158
What is the remainder when 117 is divided by 11?
7
Calculate the remainder when 844 is divided by 103.
20
What is the remainder when 28701 is divided by 96?
93
What is the remainder when 915 is divided by 6?
3
What is the remainder when 1135 is divided by 30?
25
Calculate the remainder when 1715 is divided by 52.
51
What is the remainder when 89 is divided by 24?
17
Calculate the remainder when 328 is divided by 73.
36
What is the remainder when 1141 is divided by 44?
41
What is the remainder when 3679 is divided by 84?
67
What is the remainder when 1976 is divided by 36?
32
What is the remainder when 2000 is divided by 7?
5
What is the remainder when 176 is divided by 23?
15
Calculate the remainder when 593 is divided by 17.
15
Calculate the remainder when 133 is divided by 77.
56
What is the remainder when 10689 is divided by 243?
240
Calculate the remainder when 108 is divided by 37.
34
What is the remainder when 159 is divided by 49?
12
Calculate the remainder when 191 is divided by 175.
16
Calculate the remainder when 895 is divided by 49.
13
Calculate the remainder when 373 is divided by 8.
5
What is the remainder when 4279 is divided by 2138?
3
Calculate the remainder when 2446 is divided by 136.
134
What is the remainder when 2461 is divided by 17?
13
Calculate the remainder when 35 is divided by 16.
3
Calculate the remainder when 1099 is divided by 138.
133
What is the remainder when 186 is divided by 75?
36
Calculate the remainder when 252 is divided by 14.
0
Calculate the remainder when 2590 is divided by 72.
70
What is the remainder when 324 is divided by 51?
18
Calculate the remainder when 2041 is divided by 57.
46
What is the remainder when 232 is divided by 49?
36
Calculate the remainder when 782 is divided by 88.
78
What is the remainder when 1245 is divided by 21?
6
What is the remainder when 75 is divided by 3?
0
What is the remainder when 4254 is divided by 2116?
22
What is the remainder when 153 is divided by 6?
3
What is the remainder when 2110 is divided by 264?
262
Calculate the remainder when 423 is divided by 291.
132
Calculate the remainder when 989 is divided by 255.
224
What is the remainder when 54 is divided by 17?
3
What is the remainder when 74 is divided by 19?
17
What is the remainder when 280 is divided by 134?
12
Calculate the remainder when 329 is divided by 95.
44
Calculate the remainder when 946 is divided by 76.
34
Calculate the remainder when 2910 is divided by 12.
6
What is the remainder when 1835 is divided by 108?
107
Calculate the remainder when 5319 is divided by 333.
324
Calculate the remainder when 1721 is divided by 11.
5
What is the remainder when 190 is divided by 51?
37
What is the remainder when 1422 is divided by 95?
92
Calculate the remainder when 49 is divided by 14.
7
Calculate the remainder when 3042 is divided by 29.
26
What is the remainder when 231 is divided by 22?
11
Calculate the remainder when 921 is divided by 234.
219
Calculate the remainder when 10906 is divided by 303.
301
What is the remainder when 800 is divided by 15?
5
What is the remainder when 494 is divided by 71?
68
Calculate the remainder when